t is the greatest common factor of 140 and 665?
35
Calculate the greatest common factor of 17572 and 368.
92
What is the highest common divisor of 112 and 176?
16
Calculate the highest common divisor of 553 and 70.
7
What is the greatest common factor of 175 and 2695?
35
What is the highest common divisor of 70 and 25935?
35
What is the greatest common factor of 964 and 4?
4
Calculate the greatest common factor of 208 and 96.
16
What is the highest common factor of 22 and 352?
22
Calculate the greatest common divisor of 72 and 108.
36
Calculate the highest common divisor of 35024 and 597.
199
What is the greatest common divisor of 2 and 434?
2
Calculate the greatest common divisor of 100 and 6475.
25
Calculate the highest common factor of 18 and 6.
6
What is the highest common factor of 20 and 1616?
4
Calculate the greatest common factor of 369 and 1435.
41
What is the greatest common factor of 46 and 299?
23
What is the greatest common factor of 32 and 23248?
16
What is the greatest common factor of 43 and 34486?
43
What is the greatest common divisor of 209 and 55?
11
What is the highest common divisor of 70 and 125?
5
What is the highest common divisor of 99 and 11?
11
What is the highest common factor of 390 and 15?
15
What is the greatest common divisor of 246 and 60?
6
Calculate the greatest common factor of 546 and 637.
91
Calculate the highest common factor of 19006 and 26.
26
What is the greatest common divisor of 3133 and 13?
13
Calculate the greatest common divisor of 32 and 634.
2
What is the highest common factor of 2562 and 14?
14
What is the greatest common divisor of 106 and 371?
53
What is the greatest common divisor of 2451 and 57?
57
Calculate the greatest common factor of 45 and 60.
15
What is the greatest common divisor of 140 and 60?
20
What is the greatest common factor of 5949 and 9?
9
Calculate the greatest common factor of 555 and 75.
15
What is the highest common factor of 2303 and 7567?
329
What is the greatest common divisor of 217 and 31?
31
What is the highest common divisor of 28 and 5404?
28
Calculate the greatest common divisor of 52190 and 340.
170
What is the highest common factor of 2761 and 22?
11
What is the highest common factor of 230 and 23920?
230
What is the greatest common factor of 690 and 1863?
69
Calculate the highest common factor of 81 and 1377.
81
What is the greatest common divisor of 21 and 1323?
21
What is the greatest common factor of 14 and 434?
14
What is the greatest common divisor of 1064 and 91?
7
Calculate the greatest common factor of 9216 and 144.
144
Calculate the greatest common factor of 374 and 44.
22
What is the highest common factor of 726 and 66?
66
What is the highest common factor of 81 and 126?
9
Calculate the highest common factor of 800 and 640.
160
Calculate the greatest common divisor of 6351 and 219.
219
Calculate the greatest common factor of 1696 and 32.
32
Calculate the highest common divisor of 187 and 68.
17
Calculate the greatest common divisor of 624 and 39.
39
What is the highest common divisor of 116 and 2378?
58
Calculate the highest common divisor of 285 and 15.
15
Calculate the greatest common divisor of 16368 and 48.
48
Calculate the highest common factor of 3300 and 132.
132
Calculate the highest common factor of 180 and 396.
36
What is the greatest common factor of 37 and 5735?
37
What is the highest common divisor of 440 and 2024?
88
Calculate the greatest common factor of 220 and 38060.
220
Calculate the highest common factor of 2968 and 504.
56
Calculate the highest common factor of 248 and 9052.
124
Calculate the greatest common divisor of 308 and 11011.
77
Calculate the highest common factor of 144 and 64.
16
What is the greatest common factor of 95 and 3515?
95
What is the greatest common divisor of 189 and 108?
27
Calculate the highest common factor of 40 and 120.
40
Calculate the highest common factor of 81 and 60.
3
Calculate the highest common factor of 132 and 108.
12
Calculate the greatest common divisor of 10 and 110.
10
Calculate the highest common factor of 153603 and 27.
27
Calculate the greatest common factor of 123 and 369.
123
Calculate the highest common divisor of 24 and 2994.
6
Calculate the greatest common divisor of 70 and 20.
10
What is the greatest common factor of 984 and 768?
24
Calculate the highest common divisor of 35175 and 35.
35
What is the highest common factor of 36036 and 52?
52
What is the greatest common factor of 186 and 18?
6
Calculate the greatest common divisor of 234 and 3.
3
What is the greatest common factor of 15 and 635?
5
Calculate the greatest common divisor of 45 and 375.
15
Calculate the highest common divisor of 69 and 667.
23
What is the greatest common divisor of 154 and 126?
14
What is the greatest common divisor of 261 and 9?
9
Calculate the greatest common factor of 407 and 33.
11
What is the highest common factor of 1744 and 24?
8
Calculate the highest common factor of 1102 and 174.
58
What is the greatest common factor of 1 and 320?
1
What is the greatest common factor of 1296 and 176?
16
What is the greatest common divisor of 5240 and 16?
8
What is the greatest common divisor of 10 and 36?
2
Calculate the greatest common divisor of 10 and 135.
5
What is the highest common factor of 560 and 1456?
112
Calculate the greatest common divisor of 912 and 128.
16
What is the highest common divisor of 102 and 4233?
51
What is the greatest common divisor of 7602 and 42?
42
What is the greatest common factor of 6241 and 79?
79
What is the greatest common factor of 80 and 290?
10
Calculate the highest common factor of 15429 and 222.
111
What is the highest common divisor of 899 and 186?
31
Calculate the highest common factor of 2355 and 15.
15
What is the highest common factor of 1960 and 4?
4
What is the highest common factor of 1176 and 63?
21
Calculate the highest common divisor of 36 and 11106.
18
Calculate the greatest common factor of 968 and 88.
88
What is the highest common divisor of 46 and 3266?
46
Calculate the greatest common factor of 242 and 286.
22
What is the greatest common divisor of 928 and 32?
32
Calculate the greatest common factor of 3030 and 60.
30
What is the highest common divisor of 729 and 3?
3
What is the greatest common divisor of 33 and 1166?
11
What is the highest common factor of 48 and 768?
48
What is the highest common factor of 2783 and 187?
11
Calculate the greatest common factor of 3375 and 125.
125
Calculate the greatest common factor of 81 and 54.
27
Calculate the greatest common divisor of 208 and 80.
16
What is the greatest common divisor of 90 and 117?
9
What is the highest common divisor of 35 and 77?
7
Calculate the highest common divisor of 98 and 3556.
14
Calculate the highest common factor of 162 and 4374.
162
What is the highest common factor of 41 and 7093?
41
Calculate the highest common factor of 8 and 52.
4
Calculate the highest common factor of 65569 and 203.
203
What is the greatest common divisor of 65 and 235?
5
Calculate the highest common divisor of 7089 and 459.
51
What is the highest common factor of 45 and 315?
45
What is the greatest common divisor of 108 and 156?
12
What is the greatest common divisor of 650 and 1040?
130
Calculate the highest common divisor of 4 and 36.
4
Calculate the greatest common factor of 513 and 1653.
57
What is the greatest common divisor of 66 and 3784?
22
Calculate the greatest common factor of 4 and 4.
4
Calculate the highest common divisor of 136 and 68.
68
What is the greatest common divisor of 135 and 27?
27
Calculate the highest common factor of 109 and 3161.
109
What is the greatest common divisor of 40 and 410?
10
What is the highest common divisor of 69 and 6?
3
What is the highest common divisor of 24 and 104?
8
What is the greatest common factor of 510 and 714?
102
Calculate the greatest common divisor of 696 and 5742.
174
What is the greatest common divisor of 74 and 999?
37
Calculate the greatest common divisor of 10053 and 9.
9
Calculate the greatest common divisor of 1365 and 525.
105
Calculate the highest common factor of 425 and 75.
25
What is the greatest common divisor of 1424 and 267?
89
What is the greatest common divisor of 220 and 40?
20
What is the greatest common divisor of 1536 and 9?
